te 7 - (18 + -1 + (-15 - -10)).
-5
Evaluate (9 - (3 - (7 + -7))) + -15.
-9
Calculate 0 + -10 + (-40 - -45).
-5
Calculate (0 - -1 - 2) + (-70 - -67).
-4
What is the value of -2 - (11 - 20) - (-1 - 2)?
10
-1 - -3 - (2 + -3)
3
Evaluate 11 - 3 - (-11 + 15).
4
(-2 - 1) + 8 + -5
0
What is the value of -1 - ((15 - 4) + -17)?
5
What is the value of (-2 - 2) + 9 - (-1 - -2)?
4
What is the value of 3 + (3 - (-4 + 5))?
5
What is the value of -5 - (-3 + 4) - -11?
5
Evaluate (2 - -2) + -4 + 7 + -6.
1
Evaluate 1 + (32 + -23 - (-1 + 6)).
5
Calculate -6 - (-2 + -6 - -9).
-7
Evaluate (-2 - 4) + (-39 - -47).
2
What is the value of 11 + -10 + -3 - (-13 + 1)?
10
What is (-2 - 1) + (3 - (-6 + 12))?
-6
What is the value of 4 + 0 + 44 + -42?
6
Calculate (3 + 0 - 6) + 7 + 0.
4
Evaluate (-7 - (-1 - -4)) + 2.
-8
What is the value of (7 - 13 - -11) + -1 + -1?
3
19 + -13 + 4 + -5
5
Calculate (-1 - 4) + (9 - 9).
-5
0 + 0 + -3 - (40 - 40)
-3
Evaluate -2 - (-2 - (-1 + -4) - 3).
-2
What is the value of 12 + -23 - ((-3 - -1) + -4)?
-5
What is the value of -7 + (24 - 17) + -8 + 1?
-7
Calculate -3 + (-4 + -2 + 3 - 0).
-6
Calculate 55 - 55 - ((2 - 0) + -2).
0
Evaluate (23 - 27) + (-9 - -1) + 3.
-9
-2 - 0 - (-10 + 12) - -2
-2
What is (14 - 15) + (3 + 1 - 1)?
2
(10 - (7 - 0)) + -7
-4
What is -3 - (1 + -3 + 32 + -32)?
-1
Evaluate -15 + 3 + 8 - -1.
-3
What is the value of 4 + -1 + 1 + (11 - 10)?
5
Calculate -15 + 12 + 4 + 2.
3
Evaluate (5 - 15) + 17 + -10.
-3
What is (9 - 0) + -3 - 10?
-4
Calculate 6 - (-4 + 3 + 1 + 3).
3
What is the value of 4 + 1 + -3 - -1 - -6?
9
Calculate 5 + 1 - (4 + 3).
-1
Calculate 6 - (3 + -4 + 0 - -2).
5
What is -2 + (2 - (-7 + 9))?
-2
What is the value of (2 - (4 + -3)) + -3 + 0?
-2
What is -1 + 3 - (-2 + 4 + -1)?
1
Evaluate 2 - (0 - (2 + -2)) - 4.
-2
2 - ((2 - (-3 + 11)) + 2)
6
90 + -79 + (1 - 15)
-3
Calculate -2 + 9 + 0 - (95 + -79).
-9
What is -4 + (2 + 3 - -4)?
5
Evaluate 4 + 8 - (-1 - -5).
8
Calculate (2 - (5 + -8)) + (2 - 5).
2
-7 + (-3 - (3 + -13))
0
What is 14 - (7 - (-4 + 2 + 1))?
6
What is the value of 32 + -18 + (4 - 18)?
0
What is 7 + (-11 - (0 - -4))?
-8
Calculate 1 - (-3 + 1) - (2 + -4).
5
Evaluate (0 - 6) + (-1 - -1) + 13.
7
Evaluate -9 + 11 - (-5 - -1).
6
Evaluate (7 + -5 - -2) + -3.
1
Evaluate -2 + (2 - -3) - (-50 + 53).
0
What is (-3 - (0 + -2)) + 1 - -5?
5
Calculate (-5 - -6) + 4 + -4.
1
Calculate 8 - (19 + -7) - (1 - 5).
0
-6 + 21 - (2 + 6)
7
Calculate -2 + -1 + 8 + (-15 - -12).
2
What is -3 + (-4 - (-3 + 2) - -5)?
-1
-2 - (-3 + -2 + -1 + 4)
0
-6 - (-14 + 13) - (-1 + 0)
-4
What is 10 + -8 + 5 + -9?
-2
What is -2 + (-1 - (1 + 1))?
-5
What is the value of (-2 - (-2 - -9)) + 5?
-4
(3 - 21) + -1 + 15
-4
Calculate 2 - (3 - 10) - 4.
5
What is (-10 - -9) + 3 + (4 - 12)?
-6
What is -1 - (-4 + (4 - 5))?
4
Calculate -3 + 16 + -10 - -5.
8
What is the value of (12 + -12 - 14) + 5?
-9
What is -10 + -1 + -39 + 44?
-6
Calculate 1 + -7 + (8 - (-10 - -7)).
5
-4 - ((3 - 0) + -7)
0
What is 1 + (-3 - (-12 - -9))?
1
7 + 3 + -5 - 4
1
Evaluate -9 - 0 - (-4 + 0).
-5
Evaluate -4 + (-24 - -13) - -11.
-4
What is the value of 3 + -2 + (3 - 6)?
-2
Evaluate 2 + 1 - (10 - (4 - -3)).
0
What is 1 - 10 - (12 - 13)?
-8
0 + (3 - (-2 - -4))
1
27 + -25 + 2 + (-4 - -2)
2
Evaluate -3 + (4 + -3 - 1 - -2).
-1
Evaluate 2 + 2 + 0 - 5.
-1
Evaluate 0 - (7 - (4 - 4)).
-7
(-1 - 1) + -1 + 20 + -24
-7
What is the value of (2 - -1) + (3 - 11)?
-5
What is the value of 0 + (2 - -4 - 12)?
-6
Calculate 4 + -2 + (2 - 5) + 5.
4
-2 - (-1 - -1 - (-6 + 5))
-3
Calculate 221 - 221 - (-1 - -1).
0
3 - (4 - (4 + -9 - -7))
1
Calculate (-1 - 1) + (-2 + 7 - 7).
-4
What is the value of -2 - (-4 - -4) - (1 + -6)?
3
Calculate -62 + 53 - (1 - (6 - 0)).
-4
Evaluate (-2 - -3) + 7 - 5.
3
Calculate 1 + (-11 - -5) - (0 + -4).
-1
What is the value of (-77 - -73) + -3 + 1?
-6
What is the value of -14 - -19 - (3 - 2)?
4
Calculate 6 + 0 + 76 + -84.
-2
What is -6 + (-4 - -13) + 3 + -8?
-2
What is (2 + 0 - 6) + 4 - 0?
0
What is the value of 1 + (-6 + -4 - -10)?
1
Calculate -3 + 1 + 7 + (-8 - 0).
-3
Calculate (-5 - (-11 + 4 - 9)) + -1.
10
Evaluate 13 - (-6 - 7 - -24).
2
9 - 6 - 9 - -5
-1
Calculate 13 - 18 - (-4 - 2).
1
What is the value of 3 + -3 + 11 + -6?
5
Calculate 6 + -2 + -1 + -3 + -1.
-1
What is the value of (-1 - -4) + (-3 - (1 + -1))?
0
What is the value of -2 + -2 + (2 - -1) + 6?
5
What is the value of 11 - 3 - ((-10 - -32) + -4)?
-10
What is -1 - 4 - (-22 + -12 + 21)?
8
2 + -2 + -1 - 2 - -3
0
What is (-3 + (1 - 1) - 3) + 4?
-2
Calculate -1 + 10 + -9 + 1 + 1.
2
What is -4 + 0 - (5 + -10)?
1
-2 - -3 - (4 + (0 - 5))
2
Calculate -64 - -66 - (-8 - -2).
8
What is the value of 4 - 2 - ((-1 - -1) + -3)?
5
What is the value of -1 - (5 + (5 - 4 - 6))?
-1
What is the value of (-4 - (-4 + 5)) + 2?
-3
0 - ((0 - 2) + -8 + 6)
4
What is 0 - 2 - (-5 + -2 + 4)?
1
What is the value of -16 + (-4 + 3 - -13)?
-4
What is (1 - 0) + (-13 - -26 - 10)?
4
Evaluate (-5 - 0) + (-12 - -4) + 11.
-2
Evaluate -5 + 1 - (-9 - -4 - -2).
-1
4 + 6 + (-6 - (3 - -1))
0
What is (7 - 3) + -7 + -1 + 4?
0
Calculate 1 - ((-4 - 2) + 2).
5
Calculate (11 + 1 + -4 - 4) + 1.
5
-1 + 1 - (8 + -8)
0
What is 3 - 3 - ((0 - 0) + 3)?
-3
Calculate -1 - -1 - (32 + -33) - -2.
3
Calculate -4 - (-8 - 1 - (-3 + 2)).
4
What is 1 - (14 + -14 - 4)?
5
Evaluate -1 - (3 - (17 + -3)).
10
What is the value of 7 + 1 + -1 - 0?
7
What is 25 + -32 + -3 + 2?
-8
What is -3 - (1 + 1) - (14 - 20)?
1
Evaluate -1 + -9 + (-8 - -13).
-5
What is the value of -2 - (8 + (3 - 3) - 4)?
-6
(4 - -2) + (-4 - 1) - 6
-5
What is -3 + 11 + (-1 - 2)?
5
Evaluate 3 + -4 + (6 - 1).
4
4 + 2 + -2 - 5
-1
What is the value of (-11 - -9) + 2 - (-3 + 2)?
1
Calculate -11 - -14 - (0 - (-3 + 0)).
0
Evaluate (-20 - -17) + (-7 + 2 - 0).
-8
What is -6 - ((-8 - -9) + -9 + 4)?
-2
Calculate 2 - (-9 + 5 + 5).
1
What is the value of -1 + 2 + -4 + (-9 - -12)?
0
What is the value of 1 - (1 + 0) - 1?
-1
What is the value of -8 - (-13 + 8 + -4)?
1
-7 - 4 - (-6 - -1) - -3
-3
What is (-21 - 0) + (-126 - -139)?
-8
Evaluate (7 - (0 + -2)) + -18.
-9
What is the value of 7 + -4 + 5 + -5?
3
What is -2 - 0 - (0 + -4)?
2
What is the value of 0 - (1 + (1 - (-2 + 1)))?
-3
6 + -2 - (1 + 2)
1
Evaluate -6 - -3 - (-3 - (-1 + 0)).
-1
-1 - (0 + -2 + -2)
3
Calculate (-11 - -10) + -10 - -9.
-2
What is 2 - (-5 + 4 + -2)?
5
Calculate -8 + (18 - (-9 + 10)).
9
Calculate 0 + (2 - -1) - (4 + 1).
-2
7 - (1 - (4 + -1 + -5))
4
What is 21 + 1 + -10 - 5?
7
Evaluate (7 - 15) + 3 - -10.
5
Calculate -98 + 89 - (1 + -4).
-6
What is -6 + 2 + 5 + -3?
-2
Calculate (-1 - 2) + (16 + -6 - 14).
-7
-11 - -13 - ((-4 - -6) + -6)
6
Evaluate -9 + 5 + (11 - 0).
7
What is -1 + -6 + (5 - 2) + 6?
2
Calculate -4 + (4 - (3 - -1)).
-4
(-4 - 4) + 1 + (4 - 0)
-3
Evaluate 3 + 21 + -11 + -5.
8
Evaluate (-4 + -2 - -7) + (7 - -3).
11
Calculate -2 - ((2 - -2 - 7) + -4).
5
What is the value of 2 + (0 - 5) + 6?
3
-1 + 0 + 2 + -2 + 4
3
What is the value of -1 + 15 + (8 - 15)?
7
-4 + -8 + 3 + 8
-1
What is -8 + (8 - (2 + -1))?
-1
-2 - 0 - (3 - 4 - 3)
2
What is 4 + 3 + (-4 - 9)?
-6
Calculate 5 - (20 - 27 - (-2 + -1)).
9
Calculate -2 - (-12 + 7 + 2 + 1).
0
What is 7 - (-7 + 14 - -2)?
-2
Calculate -5 + (0 - (-8 - -6)).
-3
What is -6 - (3 - 1 - (5 - 2))?
-5
What is the value of -97 + 88 + 0 + -1?
-10
What is the value of 1 + -2 + 0 + (-40 - -46)?
5
Calculate (-26 - -31) + -2 + -1.
2
Calculate 1 - (-2 - -16 - 4 - 3).
-6
Calculate (-2 - (2 + -3)) + 2.
1
(141 - 125) + 2 + -13
5
Evaluate -4 + 8 - (-3 - -14 - 4).
-3
What is -10 - (2 + -7) - (0 + 2)?
-7
What is the value of 5 - (5 - (6 - 4))?
2
What is the value of (0 - 13) + (14 - (-7 + 15))?
-7
What is the value of 1 + 2 + -8 + 14 + -5?
4
Evaluate 4 + -3 - (3 + -2).
0
Calculate 4 + (-7 - (-3 - -10)) - -4.
-6
What is the value of 7 + 4 + 1 + -12 - -5?
5
What is the value of 6 + -5 - (2 + -7 + 3)?
3
Evaluate 7 + (-2 - (2 - 1) - -1).
5
What is -14 - (-8 + -1) - (0 - -3)?
-8
7 + (-1 - -1) - (-266 + 267)
6
What is the value of -15 + 9 - (-5 - -1)?
-2
What is 4 - 17 - -5 - -3?
-5
What is the value of -11 - (-31 - -13) - 9?
-2
5 + 10 + -8 - -1
8
What is (8 - 3) + (5 - 8)?
2
-8 - (-3 + -3 - -2)
-4
Evaluate (6 - (-5 + 5)) + (-28 - -16).
-6
What is the value of (2 - 2 - -4) + -9?
-5
Calculate -9 + 2 + 1 - (-318 + 303).
9
What is the value of (-1 - (2 + 